e second derivative of 13/6*j**3 - 1/24*j**4 + 0 + 21/2*j**2 - 21*j. Let p(s) be the first derivative of z(s). Calculate p(9).
4
Let s(m) = -265*m + 1582. Let r be s(6). Let p(x) = 2*x**2 + 11*x + 2. Give p(r).
42
Let w(m) = m**3 + 5*m**2 + 3*m + 4. Let u be ((-12)/16)/((-9)/48). Let g be (0/3 - 2)/(2/u). Calculate w(g).
8
Let g(u) = 4*u**2 + 54*u - 21. Let y be g(-14). Let b(r) = r**2 - 6*r - 9. What is b(y)?
-2
Suppose 1332*o - 1330*o = 1396. Let f = o + -692. Let p(g) = 3*g - 12. What is p(f)?
6
Let b(m) = m**3 - 13*m**2 + 15*m - 2. Let q(x) = x**3 - 4*x**2. Let l(h) = -b(h) + 2*q(h). Give l(-7).
9
Let u be 4/26 + 3/((-78)/212). Let p(x) = 15*x + 7. Let t be p(3). Let q(s) = -52*s + 8*s**2 + s**3 + 4 + t*s. Give q(u).
4
Let b(p) be the second derivative of 5*p**3/6 + 5248*p. Let o = 2 - 3. Let u be o + -3 + (-1 - -3). Calculate b(u).
-10
Let x(t) = -79*t - 78. Let a be x(-4). Let u(n) = -469*n + a*n + 1 + 237*n. Give u(-1).
-5
Let c(a) be the third derivative of -5*a**6/8 - a**5/60 + a**3/6 - 3544*a**2. Determine c(-1).
75
Let q(l) be the second derivative of 3*l**5/10 + l**4/12 + 5*l**3/6 + 3*l**2/2 + 868*l. Give q(-1).
-7
Let x(s) = -5*s**3 - s**2 - 9*s - 9. Let n = -173 + 172. Let f(l) = 2*l**3 - l**2 + l + 1. Let y(w) = n*x(w) - 3*f(w). Calculate y(5).
11
Let u(r) = -4*r**2 + r. Let y be ((-1)/3)/(17/102). Let w be (y/4)/((-7)/28). Let c be (w*6/(-12))/1. Determine u(c).
-5
Let a(k) = k**2 + 5*k + 1. Suppose 3*p + 5*y + 37 = 0, -192*y - 5 = -191*y. Determine a(p).
-3
Let h(p) = p**2 - 6*p + 11. Let r(m) = -7*m - 67. Let v be r(-8). Let q(y) = 2*y**2 - 13*y + 22. Let n(w) = v*h(w) + 6*q(w). Determine n(9).
-16
Let m(h) = h**3 - h**2 + h + 19. Suppose -p + 26 - 10 = 0. Let d be ((-4)/p + 4/16)/(-2). Determine m(d).
19
Let k(b) = -2*b - 19. Let t be k(11). Let r = t - -43. Let n be (-36)/(16/(-4)) - r. Let i(d) = -d**3 + 7*d**2 + 5. Give i(n).
5
Let f(s) be the third derivative of s**5/60 + s**4/12 - 73*s**2 - 2*s. Let u(n) = -6*n**2 - 10*n + 4. Let p(r) = 5*f(r) + u(r). What is p(2)?
0
Let i be -7 - 4 - (8 + -21). Let k(p) be the second derivative of 0 + 7/2*p**i + 8*p - 3/4*p**4 + 1/20*p**5 - 5/3*p**3. What is k(10)?
7
Let p(r) = -63*r**2 - 76 - 7*r + 85*r - 302 + 0*r**3 - 10*r + r**3. Calculate p(62).
-6
Let m(r) be the third derivative of 11*r**6/120 - r**5/20 + r**3/3 + 5*r**2 + 245*r. Give m(1).
10
Let z = 251 - 249. Let f(i) = 4*i**2 + 9*i**2 + 15*i**2 + 3*i - 3 - 30*i**z. What is f(3)?
-12
Suppose 68*d - 642 = -82*d - 64*d. Let y(x) be the second derivative of -3/2*x**2 + 42*x + 1/6*x**d + 0. What is y(5)?
2
Let p(q) = -33*q**2 + 4*q + 33. Let b(w) = 15*w**2 + 3*w - 1. Let v(f) = -2*b(f) - p(f). Give v(5).
-6
Let a(z) = 2*z**2 + z. Let r be (-28)/8*((-16)/(-7))/4. Let l be a(r). Let p(f) = -f + 2. Calculate p(l).
-4
Let p(i) = i**2 + 19*i - 17. Let r be p(-20). Suppose -3*n = o - 8 + 3, -r*o = -2*n + 7. Let a be 2/2*(o - (-4)/1). Let g(j) = j**2 - 2*j - 4. Calculate g(a).
-1
Let y(l) = 27*l**3 - 107*l**3 - l**2 - 3 + 26*l**3 + 32*l**3 - 4*l + 24*l**3. Give y(-1).
-2
Suppose 2*w - 207*b - 22 = -206*b, 15 = 3*w + 3*b. Suppose -2 - 2 = -2*d. Let x(m) = -7 + m**3 - 3*m**2 + 2 - 6*m**d. Give x(w).
-5
Let w(h) = -2*h + 3*h**2 + 11*h + 44 - 3 + 33*h. Let i be w(-13). Let p(b) = 3*b**3 - 2*b**2 + 3*b - 3. Determine p(i).
19
Let m(k) = -k**2 - 1. Let g(v) = v**2 + v + 6. Suppose 328 - 316 = -12*q. Suppose -18 = 2*u - 5*i, -2*u + 2*i + 7 = 19. Let n(l) = q*g(l) + u*m(l). Give n(-2).
12
Let o(p) = 7*p**2 - 6*p - 20. Let u(d) = 22*d**2 - 16*d - 64. Let t(s) = 16*o(s) - 5*u(s). Calculate t(8).
0
Let v(f) be the first derivative of 3*f**2/2 + 4*f + 1. Let w be 84/18 + (1 - 5/3). Suppose -5*h + 5*u = 5, -w*u = -0*h - h + 8. Give v(h).
-8
Let y = 25 + -12. Let t be y/(-2) + 2/4. Let n(p) = p - 8. Determine n(t).
-14
Let o = 28024 - 28029. Let d(s) = -3*s - 53. Determine d(o).
-38
Suppose 0 = -72*d + 148*d - 78*d. Let o(p) = -3*p + 24. Give o(d).
24
Let g(a) = 97*a + 2039. Let x be g(-21). Let v(b) = -b - 22. Calculate v(x).
-24
Let i be 63*((-2)/1)/(-6). Let n(c) = 19*c - 111. Let f be n(6). Suppose 6*o + i = f*o. Let u(m) = m**3 + 8*m**2 + 3*m - 9. What is u(o)?
19
Let o(v) = 673 + 9*v**2 - 9*v - 333 - 10*v**2 - 350. Let b(u) = -4*u + 1. Let n be b(2). Determine o(n).
4
Let d(b) = 109*b**3 + 2*b**2 - b. Suppose -7*h + 2 = 7*h - 12. Calculate d(h).
110
Let l(k) = 12*k + 31. Let x be 56/(-14)*(-4)/(-8). Calculate l(x).
7
Let h(w) = 3*w - 6. Let i = -2953 + 2956. Determine h(i).
3
Let k(g) be the second derivative of g**3/2 - 7*g**2/2 - 2*g. Let p be 5*(-5 + 4)/(-1 - (1 + -1)). Calculate k(p).
8
Let a(v) = -v**3 - 8*v**2 + v + 16. Suppose 4*t + 47*x + 68 = 43*x, 5*t - 4*x = -13. Calculate a(t).
88
Let l(y) = -y - 6. Suppose -8*n = 3*s - 4*n + 1, -4*s + 2 = 2*n. Suppose -5*j + 14*w - 3 = 11*w, 0 = -5*j + w - s. Determine l(j).
-6
Suppose 12 = -8*n + 14*n. Suppose 7*a - 4*w + 428 = n*a, -2*a - 162 = 3*w. Let f = -82 - a. Let j(g) = -2*g**3 + 2*g**2 + 2*g - 2. Give j(f).
-6
Let x(g) = -g - 5. Let v = 17 + -10. Suppose -3*j - v = -1. Let c be 5/(-2)*((-36)/15)/j. Give x(c).
-2
Let o(h) = -7*h**2 + 6*h**2 + 57*h - 1 - 2 - 54*h - 2. Give o(8).
-45
Let k(h) = -h**3 - 11*h**2 + h + 22. Let w = 17434 + -17445. Give k(w).
11
Let i(n) be the third derivative of -n**6/360 + n**5/24 - 11*n**4/24 + n**2 + 8*n. Let s(o) be the second derivative of i(o). Determine s(0).
5
Let h(o) = o**3 - 44*o**2 - 47*o + 92. Let l(m) = -m**2 - 14*m + 672. Let n be l(-33). Determine h(n).
2
Suppose 2*n - 30 = -5*x, -2*n + 0*n = 4*x - 28. Suppose 4*w + 0 = 3*k + n, 4*k + w = -26. Let q(a) = 200 - 5*a**2 - 201 - a**3 + 2*a + 4*a. Determine q(k).
-1
Let a(m) = 3*m**2 - 4*m + 88. Let x(r) = -2*r**2 + 2*r - 86. Let v(d) = 3*a(d) + 4*x(d). Calculate v(0).
-80
Let p(n) = 244*n - 312. Let f(t) = -57*t + 79. Let g(d) = 26*f(d) + 6*p(d). Give g(10).
2
Let x(i) be the second derivative of -i**3/6 - 13*i**2/2 + 40*i. Let k be x(-16). Let o(j) = -99*j**k + 90*j**3 + 1 - j + j**2 + 0*j**2. Determine o(1).
-8
Let a(f) = 5*f**2 - 2*f - 1. Let g be a(-1). Let s(q) = q**3 + 8*q**2 - 10*q - 6. Let l be s(-9). Let y(c) = -g + 13 - l*c + c. What is y(6)?
-5
Let i(n) = n**3 - 5*n**2 - 2*n + 11. Suppose -75*p + 328 + 47 = 0. Determine i(p).
1
Let c(k) = -k**3 + 35*k**2 + 66. Let r be c(35). Let u be r/12 + 1/(0 - -2). Let l(s) = -s**3 + 5*s**2 + 8*s - 3. What is l(u)?
9
Let s be 3 - (42/21 + 5*-1). Let w(g) = -7*g - 2*g - s - g**2 + 4*g - 3*g. Give w(-8).
-6
Let u be (-5)/15*(-14 - 13). Let s(t) = -t**3 + 5*t**2 + 35*t + 11. Give s(u).
2
Let h(p) = -3*p**2 + 19*p + 4. Let q(f) = 8*f**2 - 40*f - 11. Let v(y) = -5*h(y) - 2*q(y). Calculate v(-11).
46
Let l(o) = -4*o**3 + 10*o**2 - 2*o**3 + 9*o**3 - 2*o**3 - 1. Let s be l(-10). Let j be 2/2 - (s + 3/1). Let i(y) = -16*y**3 - y - 1. Calculate i(j).
16
Let c(a) = -a - 2. Let z(j) = -j**2 - 3*j - 2. Let x(f) = f - 27 + 13 + 6. Let k be x(4). Let t be z(k). Calculate c(t).
4
Let v(c) = -11*c - 25. Let r = 82 + -74. Let p(x) = 7*x + 17. Let k(t) = r*p(t) + 5*v(t). Suppose -4*j = -j + 21. Give k(j).
4
Let z = 5320 + -5318. Let k(v) = 21*v - 41. Give k(z).
1
Let f(r) = r**3 - 5*r**2 - 2*r - 14. Let b(m) = -3*m**3 + 67*m**2 + 48*m - 41. Let l be b(23). What is f(l)?
-24
Let y(j) = 3*j**3 - 13*j**2 - 19*j - 21. Let r(o) = 2*o**3 - 6*o**2 - 10*o - 11. Let a(c) = 5*r(c) - 3*y(c). What is a(-9)?
-55
Let v(y) = -6*y + 1. Let k = 60 - 9. Let x = 52 - k. What is v(x)?
-5
Suppose -58 - 1138 = 92*l. Let w(j) = -j**3 - 12*j**2 + 16*j + 28. What is w(l)?
-11
Let u(f) = -4*f**2 - 36*f + 3. Let b(k) = k**3 + 4*k**2 + 28*k + 103. Let r be b(-4). Determine u(r).
3
Let t(u) = 13*u + 8. Let w be 3/(-2)*1*38/171*-15. Give t(w).
73
Let w(r) = 13*r**2 + 47*r + 2. Let n(p) = 28*p**2 + 104*p + 3. Let k(c) = 6*n(c) - 13*w(c). Calculate k(5).
32
Let o(m) = -1269*m + 5080. Let t be o(4). Let u(g) = 3*g + 4*g**2 - 3*g**2 - 13 - g**3 + 3*g**2. Determine u(t).
-1
Let p(a) = -a**2 + 16*a + 20. Let q be p(17). Let l(b) = -b + 19. Let r(t) = 2*t - 14. Let x(j) = 3*l(j) + 4*r(j). Calculate x(q).
16
Let l(q) be the second derivative of q**5/10 + 35*q**4/12 - 5*q**3/2 - 2*q**2 + 6067*q. Calculate l(-18).
-58
Suppose -135 = 324*x - 333*x. Let i(g) be the third derivative of g**4/24 - 13*g**3/6 